factors of (-6)/(-16) + (-651)/(-56).
2, 3
Let k = -8 - -8. Suppose -z + 42 = z. Suppose k*m - 3*m = -z. What are the prime factors of m?
7
Suppose -4*y = -3*r - 6, -y = 2*y - 2*r - 5. Suppose -26 = -y*s - m + 2*m, -34 = -4*s + 2*m. Suppose -s = -3*a - 0*a. List the prime factors of a.
3
Let a(m) = 2*m**2 - 2*m. Let w be a(3). Let p = -27 + 34. Suppose -p*u + w = -4*u. List the prime factors of u.
2
Let z = 7 - 5. Let r = z - 2. List the prime factors of (3 - r)*(-20)/(-6).
2, 5
What are the prime factors of (2348/(-3))/(-4) + (-20)/30?
3, 5, 13
Let r = 0 + -2. Let b = 3 + r. List the prime factors of (0 - -1) + b + 1.
3
Let i be ((-8)/(-10))/(2/65). Let z = 51 - i. List the prime factors of z.
5
What are the prime factors of (1339/(-39))/((-1)/6)?
2, 103
Let k be -1*5*(-4)/10. Suppose 0 = 5*t - k*l - 80 + 29, 4*l + 3 = -t. List the prime factors of t.
3
Suppose 4*s - s + 3 = 0. Let g = s - -3. Suppose -5*r + 12 = -g*r. What are the prime factors of r?
2
Suppose -7 - 18 = 2*o - 3*y, -2*y + 14 = -o. Let u = 16 + o. List the prime factors of u.
2
Let q = -32 + 99. What are the prime factors of q?
67
What are the prime factors of ((-130)/15)/(2/(-39))?
13
Let j = 10 + -14. Let i be (j/6)/((-6)/99). List the prime factors of 0 + i - (5 + -3).
3
Let g(y) = y**2 + 10*y + 10. List the prime factors of g(5).
5, 17
Let f = -1 + -1. What are the prime factors of (-3 - (-16 - -3)) + f?
2
Suppose 4*w = -w. Suppose 3*y + w*y - 105 = 0. What are the prime factors of y?
5, 7
Suppose 0*k + 368 = -4*n + k, 4*k + 16 = 0. Let t = 130 + n. List the prime factors of t.
37
Let n be 2/(-5) + (-288)/(-45). List the prime factors of 5 - 5/(15/n).
3
List the prime factors of 9/(-4)*(4 + -28).
2, 3
Let f = -39 - -62. Suppose 3*j = 40 + f. What are the prime factors of j?
3, 7
What are the prime factors of (-10 - (3 - 6))*(-204)/14?
2, 3, 17
Suppose 0*y - 4*y = -108. List the prime factors of y.
3
Suppose -v = -6*v + 30. Let g be 4/6*1*v. Suppose 0 = -g*a + 44 + 4. List the prime factors of a.
2, 3
Suppose 4*r = 3*c - 17 - 12, 11 = c - 2*r. Suppose 4*g - 13 = c. Suppose -g*y + 8*y - 39 = 0. List the prime factors of y.
13
Let i = 41 + -60. Let j = 31 + i. List the prime factors of (-7)/(-1)*j/7.
2, 3
Let q = -155 + 235. What are the prime factors of q?
2, 5
Let r be 4/(16/6)*2. List the prime factors of 2 + (2 - 0/r).
2
Let b be (4*-1 - -2) + 40. Suppose -b = -4*d + 10. Suppose 5*o - 6*a - 30 = -2*a, 2*o = 2*a + d. List the prime factors of o.
2, 3
Let h be (-14)/21*6/4. Let q = 10 + -15. List the prime factors of h*2/1*q.
2, 5
Let p(a) = -a - 1. Let d be p(3). What are the prime factors of (-66)/(-10) + d/(-10)?
7
Let s = 375 - 261. Suppose 3*b + 18 = s. What are the prime factors of b?
2
Let z = -9 + 39. List the prime factors of z.
2, 3, 5
Let h be (-15)/(-35) + (-72)/(-28). Suppose h*w - 130 = 5*g - 24, 5*g - 190 = -5*w. What are the prime factors of w?
37
Suppose -3*y - 3 + 9 = 0. Suppose 2*h = y*b + 8 + 26, -2*b - 48 = -3*h. List the prime factors of h.
2, 7
Let q = 0 + 42. List the prime factors of q.
2, 3, 7
Suppose 2*i - 5*s = -29, 0 = -4*i - 7*s + 2*s + 17. Let y(t) = -2*t. Let o be y(i). Suppose o*d - 8 = 4. List the prime factors of d.
3
Let r(p) = p - 2. Let m(g) = -g**2 + 5*g + 6. Let i be m(5). What are the prime factors of r(i)?
2
Let a = 273 + 42. Suppose -5*x + d - 95 = a, -20 = -4*d. List the prime factors of x/(-5) + 1/(-5).
2
What are the prime factors of 2/3 - 230/(-15)?
2
Let u(g) = 2*g**2 + g - 4. Let b be (2/(-3))/(8/(-36)). List the prime factors of u(b).
17
Let d = 2 + 0. Suppose -d*a = a - 9. Suppose 4*c + 7*z - 13 = 2*z, -a*z = -2*c + 23. What are the prime factors of c?
7
Let c(s) = s**3 - 7*s**2 - 6*s - 4. Let p be c(8). Let l = p - -34. List the prime factors of l.
2, 23
Suppose -2 = -4*k + 2*x, 5*x = -k + 6*k. Let o(z) = -2 + 4*z + 2 + 1. List the prime factors of o(k).
5
Let d(u) = -u - 9. List the prime factors of d(-11).
2
Suppose -2*g = -m - 0*m + 41, 39 = m - g. List the prime factors of m.
37
Let z = 241 - 77. What are the prime factors of z?
2, 41
Let u(c) = 6*c**2 - 6*c - 4. Let v be u(-6). Let r be v/6 + (-2)/6. Suppose -r = -3*g - 14. List the prime factors of g.
3
Suppose -2*a + 2*j + 2 = -10, -3*a + 5*j + 18 = 0. Suppose -d + 2 = a. Let u = 13 + d. What are the prime factors of u?
3
Let u(b) = 3*b. Let d(x) = -2*x. Let m(h) = -5*d(h) - 3*u(h). Let w(j) = -j + 1. Let q(t) = -2*m(t) - 3*w(t). List the prime factors of q(6).
3
Suppose -4*p - 3*h = 2*h + 20, 40 = -2*p + 5*h. Let y be 4/(-20) - 562/p. Suppose 12 = b - t, 4*t - y = -b - 3*b. List the prime factors of b.
13
Suppose 0 = -0*h + 2*h - 132. List the prime factors of (-1)/4 + h/8.
2
Suppose -2*g + 10 = 3*g. What are the prime factors of (-96)/((-6)/g) + -1?
31
Let a be (2 + -2 + 0)/(-2). Suppose -c = -24 - a. List the prime factors of c.
2, 3
Let c(w) be the second derivative of -w**4/12 + 5*w**2/2 - w. Let x be c(0). Let z = x - 3. List the prime factors of z.
2
Let l = -6 + 1. Let f = 8 + l. List the prime factors of f.
3
Let f(p) be the first derivative of -p**3/3 + 7*p**2/2 - 4*p - 1. List the prime factors of f(6).
2
Let v = 2 - -4. List the prime factors of 273/9 - 2/v.
2, 3, 5
Let p = 31 + 5. Suppose 3*t - p = 7*t. What are the prime factors of (-2)/3 + (-42)/t?
2
Let r(d) = 20*d - 8. Let k be r(5). Suppose -2*j + k = 5*o - j, -48 = -3*o + 3*j. List the prime factors of o.
2, 3
Suppose 0 = -3*n + 2*v + 79, -2*n + 3*v + 50 = -v. List the prime factors of n.
3
Let q = -6 - -14. What are the prime factors of q?
2
Let k(n) = 5*n**2 + 3*n + 2. Let l be k(-2). Let x = 31 - l. List the prime factors of x.
3, 5
Let b(j) = j - 2. Let c be b(5). Suppose c*f - 25 = -2*f. Suppose 17 = -q - f*z, -q - 3*z = 5 + 4. What are the prime factors of q?
3
List the prime factors of (3/2 + (-195)/(-26))*17.
3, 17
Let h(b) = 2*b**2 - 4*b + 3. Let z = 6 - 5. Let o be (-3)/(-9)*z*6. What are the prime factors of h(o)?
3
Suppose 3*h - 54 = h. List the prime factors of h.
3
Let i(u) = -u**2 + 2*u + 3. Suppose -2*d - 1 = -2*z - 7, -5*z = 3*d - 9. Let w be i(d). Suppose 0 = -b - 4 - w, 0 = 5*s + 4*b - 74. List the prime factors of s.
2, 3
Let x(f) = f**3 + 4*f**2 - f + 3. Let o be x(-5). Let c = o - -31. Let y = c - 2. What are the prime factors of y?
2, 3
Let a(h) = h**2 - h + 1. Let q(u) = -9*u**2 - u + 2. Let k = 0 - 1. Let z(p) = k*q(p) + 2*a(p). List the prime factors of z(-1).
2, 3
Suppose y - 6*y = 3*s - 266, 0 = 4*y - 5*s - 198. List the prime factors of y.
2, 13
Let b(c) = 2*c**2 - 3*c - 1. Suppose -17 = i - 5*r, 5*i = -3*r + 10 + 17. List the prime factors of b(i).
2
Let j = 7 - 2. Let y = j + 8. What are the prime factors of y?
13
Suppose 0 = -3*i + 4*q - 48, 4*q + 15 + 9 = -3*i. List the prime factors of (i/5)/(12/(-90)).
2, 3
Suppose w - f = -12, -2*f + 10 = -w - 3. Let b = w + 23. What are the prime factors of b?
2, 3
Suppose 0 = 3*z - 3*k + 6, -3*z - 4*k = -0*z - 29. Suppose z*s - 228 = 7*s. What are the prime factors of (-2)/6 + s/(-9)?
2, 3
Suppose 19*m - 24*m = -145. What are the prime factors of m?
29
Let n = 34 + -19. Suppose -3*k - 5*v - n = 2*k, -k = -5*v - 27. Suppose 0 = k*f - 3*f + 2. List the prime factors of f.
2
Suppose -3 = -5*m + 22. Suppose m*k + 2*i = 6*i + 106, -5*k = -i - 94. Let y = k + -12. List the prime factors of y.
2, 3
Suppose 3*r - 2 = r. Suppose r = -4*o + 197. What are the prime factors of o?
7
Suppose 479 = 4*r - 141. List the prime factors of r.
5, 31
Let o be (-30)/25*2*5. Let k = o - -23. What are the prime factors of k?
11
Let h(u) = u**3 + 2*u**2 - 4*u - 2. Let r be h(-3). Suppose r - 5 = -4*z. Let s = 4 + z. List the prime factors of s.
5
Let l(d) = -d + 13. Let g be l(11). Suppose -5 - 1 = -g*t, 3*y - 4*t - 99 = 0. What are the prime factors of y?
37
Let d(g) = -2*g - 10. Let q be d(-8). Suppose 0 = -3*t - 2*h + 38, 0 = -t + 5*h + q + 18. List the prime factors of t.
2, 7
Suppose 0*k + 2*k = 0. Suppose 5*b = 3*s, k*s + 2*s - 2*b = 0. Suppose s = a - 14 - 6. List the prime factors of a.
2, 5
Let c be ((-24)/20)/(6/20). What are the prime factors of (-18)/(-4)*(-16)/c?
2, 3
Suppose 0 = -p - 1 + 9. What are the prime factors of p?
2
List the prime factors of ((-29)/(-5))/(4/20).
29
Let n be -4 - (-4 + (-1 - -3)). Let l be ((-8)/12)/(n/15). S